[INFO] cloning repository https://github.com/DarioSucic/LastRay
[INFO] running `Command { std: "git" "-c" "credential.helper=" "-c" "credential.helper=/workspace/cargo-home/bin/git-credential-null" "clone" "--bare" "https://github.com/DarioSucic/LastRay" "/workspace/cache/git-repos/https%3A%2F%2Fgithub.com%2FDarioSucic%2FLastRay", kill_on_drop: false }`
[INFO] [stderr] Cloning into bare repository '/workspace/cache/git-repos/https%3A%2F%2Fgithub.com%2FDarioSucic%2FLastRay'...
[INFO] running `Command { std: "git" "rev-parse" "HEAD", kill_on_drop: false }`
[INFO] [stdout] 5056a3faeeb246fce5b54912605b4becc67a0c52
[INFO] checking DarioSucic/LastRay against master#e6e4f7ed1589e03bc2f6c5931c1a72e7947e8682 for beta-170-4
[INFO] running `Command { std: "git" "clone" "/workspace/cache/git-repos/https%3A%2F%2Fgithub.com%2FDarioSucic%2FLastRay" "/workspace/builds/worker-5-tc2/source", kill_on_drop: false }`
[INFO] [stderr] Cloning into '/workspace/builds/worker-5-tc2/source'...
[INFO] [stderr] done.
[INFO] validating manifest of git repo https://github.com/DarioSucic/LastRay on toolchain e6e4f7ed1589e03bc2f6c5931c1a72e7947e8682
[INFO] running `Command { std: CARGO_HOME="/workspace/cargo-home" RUSTUP_HOME="/workspace/rustup-home" "/workspace/cargo-home/bin/cargo" "+e6e4f7ed1589e03bc2f6c5931c1a72e7947e8682" "metadata" "--manifest-path" "Cargo.toml" "--no-deps", kill_on_drop: false }`
[INFO] started tweaking git repo https://github.com/DarioSucic/LastRay
[INFO] finished tweaking git repo https://github.com/DarioSucic/LastRay
[INFO] tweaked toml for git repo https://github.com/DarioSucic/LastRay written to /workspace/builds/worker-5-tc2/source/Cargo.toml
[INFO] crate git repo https://github.com/DarioSucic/LastRay already has a lockfile, it will not be regenerated
[INFO] running `Command { std: CARGO_HOME="/workspace/cargo-home" RUSTUP_HOME="/workspace/rustup-home" "/workspace/cargo-home/bin/cargo" "+e6e4f7ed1589e03bc2f6c5931c1a72e7947e8682" "fetch" "--manifest-path" "Cargo.toml", kill_on_drop: false }`
[INFO] running `Command { std: "docker" "create" "-v" "/var/lib/crater-agent-workspace/builds/worker-5-tc2/target:/opt/rustwide/target:rw,Z" "-v" "/var/lib/crater-agent-workspace/builds/worker-5-tc2/source:/opt/rustwide/workdir:ro,Z" "-v" "/var/lib/crater-agent-workspace/cargo-home:/opt/rustwide/cargo-home:ro,Z" "-v" "/var/lib/crater-agent-workspace/rustup-home:/opt/rustwide/rustup-home:ro,Z" "-e" "SOURCE_DIR=/opt/rustwide/workdir" "-e" "CARGO_TARGET_DIR=/opt/rustwide/target" "-e" "CARGO_HOME=/opt/rustwide/cargo-home" "-e" "RUSTUP_HOME=/opt/rustwide/rustup-home" "-w" "/opt/rustwide/workdir" "-m" "1610612736" "--user" "0:0" "--network" "none" "ghcr.io/rust-lang/crates-build-env/linux@sha256:19e73879b68f455e41552ea35293514db52ea292d993f571636dbffedb77a1ee" "/opt/rustwide/cargo-home/bin/cargo" "+e6e4f7ed1589e03bc2f6c5931c1a72e7947e8682" "metadata" "--no-deps" "--format-version=1", kill_on_drop: false }`
[INFO] [stdout] 39d6a6f57e6ed78f211798c6f47b0fffbd6e203db5feac401c565a1be76aed81
[INFO] running `Command { std: "docker" "start" "-a" "39d6a6f57e6ed78f211798c6f47b0fffbd6e203db5feac401c565a1be76aed81", kill_on_drop: false }`
[INFO] running `Command { std: "docker" "inspect" "39d6a6f57e6ed78f211798c6f47b0fffbd6e203db5feac401c565a1be76aed81", kill_on_drop: false }`
[INFO] running `Command { std: "docker" "rm" "-f" "39d6a6f57e6ed78f211798c6f47b0fffbd6e203db5feac401c565a1be76aed81", kill_on_drop: false }`
[INFO] [stdout] 39d6a6f57e6ed78f211798c6f47b0fffbd6e203db5feac401c565a1be76aed81
[INFO] running `Command { std: "docker" "create" "-v" "/var/lib/crater-agent-workspace/builds/worker-5-tc2/target:/opt/rustwide/target:rw,Z" "-v" "/var/lib/crater-agent-workspace/builds/worker-5-tc2/source:/opt/rustwide/workdir:ro,Z" "-v" "/var/lib/crater-agent-workspace/cargo-home:/opt/rustwide/cargo-home:ro,Z" "-v" "/var/lib/crater-agent-workspace/rustup-home:/opt/rustwide/rustup-home:ro,Z" "-e" "SOURCE_DIR=/opt/rustwide/workdir" "-e" "CARGO_TARGET_DIR=/opt/rustwide/target" "-e" "CARGO_INCREMENTAL=0" "-e" "RUST_BACKTRACE=full" "-e" "RUSTFLAGS=--cap-lints=forbid" "-e" "RUSTDOCFLAGS=--cap-lints=forbid" "-e" "CARGO_HOME=/opt/rustwide/cargo-home" "-e" "RUSTUP_HOME=/opt/rustwide/rustup-home" "-w" "/opt/rustwide/workdir" "-m" "1610612736" "--user" "0:0" "--network" "none" "ghcr.io/rust-lang/crates-build-env/linux@sha256:19e73879b68f455e41552ea35293514db52ea292d993f571636dbffedb77a1ee" "/opt/rustwide/cargo-home/bin/cargo" "+e6e4f7ed1589e03bc2f6c5931c1a72e7947e8682" "check" "--frozen" "--all" "--all-targets" "--message-format=json", kill_on_drop: false }`
[INFO] [stdout] dc8bf41758be7ddba9c993086b8943be27d9da92deb0c5f6f31874d643d538f0
[INFO] running `Command { std: "docker" "start" "-a" "dc8bf41758be7ddba9c993086b8943be27d9da92deb0c5f6f31874d643d538f0", kill_on_drop: false }`
[INFO] [stderr]    Compiling libc v0.2.68
[INFO] [stderr]    Compiling crossbeam-utils v0.8.6
[INFO] [stderr]    Compiling memoffset v0.6.5
[INFO] [stderr]    Compiling crossbeam-epoch v0.9.6
[INFO] [stderr]    Compiling rayon-core v1.9.1
[INFO] [stderr]     Checking bytemuck v1.2.0
[INFO] [stderr]    Compiling log v0.4.16
[INFO] [stderr]    Compiling rayon v1.5.1
[INFO] [stderr]    Compiling ahash v0.7.6
[INFO] [stderr]     Checking miniz_oxide v0.5.1
[INFO] [stderr]     Checking deflate v1.0.0
[INFO] [stderr]     Checking once_cell v1.9.0
[INFO] [stderr]     Checking nanorand v0.7.0
[INFO] [stderr]     Checking safe_arch v0.6.0
[INFO] [stderr]     Checking png v0.17.5
[INFO] [stderr]     Checking wide v0.7.4
[INFO] [stderr]     Checking crossbeam-channel v0.5.2
[INFO] [stderr]     Checking getrandom v0.2.4
[INFO] [stderr]     Checking num_cpus v1.12.0
[INFO] [stderr]     Checking crossbeam-deque v0.8.1
[INFO] [stderr]     Checking write_png v0.1.0 (/opt/rustwide/workdir/lib/write_png)
[INFO] [stderr]     Checking tobj v3.2.2
[INFO] [stderr]     Checking ultraviolet v0.9.0
[INFO] [stderr]     Checking lastone v0.1.0 (/opt/rustwide/workdir)
[INFO] [stdout] warning: unused import: `std::sync::Mutex`
[INFO] [stdout]  --> src/main.rs:7:5
[INFO] [stdout]   |
[INFO] [stdout] 7 | use std::sync::Mutex;
[INFO] [stdout]   |     ^^^^^^^^^^^^^^^^
[INFO] [stdout]   |
[INFO] [stdout]   = note: `#[warn(unused_imports)]` on by default
[INFO] [stdout] 
[INFO] [stdout] 
[INFO] [stdout] warning: unused import: `SeedableRng`
[INFO] [stdout]   --> src/main.rs:11:29
[INFO] [stdout]    |
[INFO] [stdout] 11 | use nanorand::{WyRand, Rng, SeedableRng};
[INFO] [stdout]    |                             ^^^^^^^^^^^
[INFO] [stdout] 
[INFO] [stdout] 
[INFO] [stdout] warning: unused import: `crate::*`
[INFO] [stdout]  --> src/accel/bvh.rs:2:5
[INFO] [stdout]   |
[INFO] [stdout] 2 | use crate::*;
[INFO] [stdout]   |     ^^^^^^^^
[INFO] [stdout] 
[INFO] [stdout] 
[INFO] [stdout] warning: unused import: `f32x4`
[INFO] [stdout]  --> src/geometry/model.rs:6:24
[INFO] [stdout]   |
[INFO] [stdout] 6 | use std::simd::{f32x8, f32x4};
[INFO] [stdout]   |                        ^^^^^
[INFO] [stdout] 
[INFO] [stdout] 
[INFO] [stdout] warning: unused import: `std::sync::Mutex`
[INFO] [stdout]  --> src/main.rs:7:5
[INFO] [stdout]   |
[INFO] [stdout] 7 | use std::sync::Mutex;
[INFO] [stdout]   |     ^^^^^^^^^^^^^^^^
[INFO] [stdout]   |
[INFO] [stdout]   = note: `#[warn(unused_imports)]` on by default
[INFO] [stdout] 
[INFO] [stdout] 
[INFO] [stdout] warning: unused import: `SeedableRng`
[INFO] [stdout]   --> src/main.rs:11:29
[INFO] [stdout]    |
[INFO] [stdout] 11 | use nanorand::{WyRand, Rng, SeedableRng};
[INFO] [stdout]    |                             ^^^^^^^^^^^
[INFO] [stdout] 
[INFO] [stdout] 
[INFO] [stdout] warning: unused import: `crate::*`
[INFO] [stdout]  --> src/accel/bvh.rs:2:5
[INFO] [stdout]   |
[INFO] [stdout] 2 | use crate::*;
[INFO] [stdout]   |     ^^^^^^^^
[INFO] [stdout] 
[INFO] [stdout] 
[INFO] [stdout] warning: unused import: `f32x4`
[INFO] [stdout]  --> src/geometry/model.rs:6:24
[INFO] [stdout]   |
[INFO] [stdout] 6 | use std::simd::{f32x8, f32x4};
[INFO] [stdout]   |                        ^^^^^
[INFO] [stdout] 
[INFO] [stdout] 
[INFO] [stdout] error[E0599]: no method named `lanes_lt` found for struct `Simd` in the current scope
[INFO] [stdout]    --> src/geometry/model.rs:131:30
[INFO] [stdout]     |
[INFO] [stdout] 131 |                 let mask = t.lanes_lt(_t);
[INFO] [stdout]     |                              ^^^^^^^^ help: there is a method with a similar name: `lanes`
[INFO] [stdout] 
[INFO] [stdout] 
[INFO] [stdout] error[E0599]: no method named `lanes_lt` found for struct `Simd` in the current scope
[INFO] [stdout]    --> src/geometry/model.rs:131:30
[INFO] [stdout]     |
[INFO] [stdout] 131 |                 let mask = t.lanes_lt(_t);
[INFO] [stdout]     |                              ^^^^^^^^ help: there is a method with a similar name: `lanes`
[INFO] [stdout] 
[INFO] [stdout] 
[INFO] [stdout] error[E0599]: no method named `lanes_lt` found for struct `Simd` in the current scope
[INFO] [stdout]    --> src/geometry/model.rs:138:22
[INFO] [stdout]     |
[INFO] [stdout] 138 |         let mask = t.lanes_lt(tmax) & t.lanes_gt(tmin);
[INFO] [stdout]     |                      ^^^^^^^^ help: there is a method with a similar name: `lanes`
[INFO] [stdout] 
[INFO] [stdout] 
[INFO] [stdout] error[E0599]: no method named `lanes_lt` found for struct `Simd` in the current scope
[INFO] [stdout]    --> src/geometry/model.rs:138:22
[INFO] [stdout]     |
[INFO] [stdout] 138 |         let mask = t.lanes_lt(tmax) & t.lanes_gt(tmin);
[INFO] [stdout]     |                      ^^^^^^^^ help: there is a method with a similar name: `lanes`
[INFO] [stdout] 
[INFO] [stdout] 
[INFO] [stdout] error[E0599]: no method named `lanes_gt` found for struct `Simd` in the current scope
[INFO] [stdout]    --> src/geometry/model.rs:138:41
[INFO] [stdout]     |
[INFO] [stdout] 138 |         let mask = t.lanes_lt(tmax) & t.lanes_gt(tmin);
[INFO] [stdout]     |                                         ^^^^^^^^ help: there is a method with a similar name: `lanes`
[INFO] [stdout] 
[INFO] [stdout] 
[INFO] [stdout] error[E0599]: no method named `lanes_gt` found for struct `Simd` in the current scope
[INFO] [stdout]    --> src/geometry/model.rs:138:41
[INFO] [stdout]     |
[INFO] [stdout] 138 |         let mask = t.lanes_lt(tmax) & t.lanes_gt(tmin);
[INFO] [stdout]     |                                         ^^^^^^^^ help: there is a method with a similar name: `lanes`
[INFO] [stdout] 
[INFO] [stdout] 
[INFO] [stdout] error[E0599]: no method named `abs` found for struct `Simd` in the current scope
[INFO] [stdout]    --> src/geometry/model.rs:257:22
[INFO] [stdout]     |
[INFO] [stdout] 257 |     let mut mask = a.abs().lanes_gt(EPS);
[INFO] [stdout]     |                      ^^^ method not found in `Simd<f32, 8>`
[INFO] [stdout]    --> /rustc/e6e4f7ed1589e03bc2f6c5931c1a72e7947e8682/library/core/src/../../portable-simd/crates/core_simd/src/elements/float.rs:31:8
[INFO] [stdout]     |
[INFO] [stdout]     = note: the method is available for `Simd<f32, 8>` here
[INFO] [stdout]     |
[INFO] [stdout]     = help: items from traits can only be used if the trait is in scope
[INFO] [stdout] help: the following trait is implemented but not in scope; perhaps add a `use` for it:
[INFO] [stdout]     |
[INFO] [stdout] 1   + use std::simd::SimdFloat;
[INFO] [stdout]     |
[INFO] [stdout] 
[INFO] [stdout] 
[INFO] [stdout] error[E0599]: no method named `abs` found for struct `Simd` in the current scope
[INFO] [stdout]    --> src/geometry/model.rs:257:22
[INFO] [stdout]     |
[INFO] [stdout] 257 |     let mut mask = a.abs().lanes_gt(EPS);
[INFO] [stdout]     |                      ^^^ method not found in `Simd<f32, 8>`
[INFO] [stdout]    --> /rustc/e6e4f7ed1589e03bc2f6c5931c1a72e7947e8682/library/core/src/../../portable-simd/crates/core_simd/src/elements/float.rs:31:8
[INFO] [stdout]     |
[INFO] [stdout]     = note: the method is available for `Simd<f32, 8>` here
[INFO] [stdout]     |
[INFO] [stdout]     = help: items from traits can only be used if the trait is in scope
[INFO] [stdout] help: the following trait is implemented but not in scope; perhaps add a `use` for it:
[INFO] [stdout]     |
[INFO] [stdout] 1   + use std::simd::SimdFloat;
[INFO] [stdout]     |
[INFO] [stdout] 
[INFO] [stdout] 
[INFO] [stdout] error[E0599]: no method named `lanes_ge` found for struct `Simd` in the current scope
[INFO] [stdout]    --> src/geometry/model.rs:263:15
[INFO] [stdout]     |
[INFO] [stdout] 263 |     mask &= u.lanes_ge(f32x8::splat(0.0)) & u.lanes_le(f32x8::splat(1.0));
[INFO] [stdout]     |               ^^^^^^^^ help: there is a method with a similar name: `lanes`
[INFO] [stdout] 
[INFO] [stdout] 
[INFO] [stdout] error[E0599]: no method named `lanes_ge` found for struct `Simd` in the current scope
[INFO] [stdout]    --> src/geometry/model.rs:263:15
[INFO] [stdout]     |
[INFO] [stdout] 263 |     mask &= u.lanes_ge(f32x8::splat(0.0)) & u.lanes_le(f32x8::splat(1.0));
[INFO] [stdout]     |               ^^^^^^^^ help: there is a method with a similar name: `lanes`
[INFO] [stdout] 
[INFO] [stdout] 
[INFO] [stdout] error[E0599]: no method named `lanes_le` found for struct `Simd` in the current scope
[INFO] [stdout]    --> src/geometry/model.rs:263:47
[INFO] [stdout]     |
[INFO] [stdout] 263 |     mask &= u.lanes_ge(f32x8::splat(0.0)) & u.lanes_le(f32x8::splat(1.0));
[INFO] [stdout]     |                                               ^^^^^^^^ help: there is a method with a similar name: `lanes`
[INFO] [stdout] 
[INFO] [stdout] 
[INFO] [stdout] error[E0599]: no method named `lanes_le` found for struct `Simd` in the current scope
[INFO] [stdout]    --> src/geometry/model.rs:263:47
[INFO] [stdout]     |
[INFO] [stdout] 263 |     mask &= u.lanes_ge(f32x8::splat(0.0)) & u.lanes_le(f32x8::splat(1.0));
[INFO] [stdout]     |                                               ^^^^^^^^ help: there is a method with a similar name: `lanes`
[INFO] [stdout] 
[INFO] [stdout] 
[INFO] [stdout] error[E0599]: no method named `lanes_ge` found for struct `Simd` in the current scope
[INFO] [stdout]    --> src/geometry/model.rs:274:15
[INFO] [stdout]     |
[INFO] [stdout] 274 |     mask &= v.lanes_ge(f32x8::splat(0.0)) & (u + v).lanes_le(f32x8::splat(1.0));
[INFO] [stdout]     |               ^^^^^^^^ help: there is a method with a similar name: `lanes`
[INFO] [stdout] 
[INFO] [stdout] 
[INFO] [stdout] error[E0599]: no method named `lanes_ge` found for struct `Simd` in the current scope
[INFO] [stdout]    --> src/geometry/model.rs:274:15
[INFO] [stdout]     |
[INFO] [stdout] 274 |     mask &= v.lanes_ge(f32x8::splat(0.0)) & (u + v).lanes_le(f32x8::splat(1.0));
[INFO] [stdout]     |               ^^^^^^^^ help: there is a method with a similar name: `lanes`
[INFO] [stdout] 
[INFO] [stdout] 
[INFO] [stdout] error[E0599]: no method named `lanes_le` found for struct `Simd` in the current scope
[INFO] [stdout]    --> src/geometry/model.rs:274:53
[INFO] [stdout]     |
[INFO] [stdout] 274 |     mask &= v.lanes_ge(f32x8::splat(0.0)) & (u + v).lanes_le(f32x8::splat(1.0));
[INFO] [stdout]     |                                                     ^^^^^^^^ help: there is a method with a similar name: `lanes`
[INFO] [stdout] 
[INFO] [stdout] 
[INFO] [stdout] error[E0599]: no method named `lanes_le` found for struct `Simd` in the current scope
[INFO] [stdout]    --> src/geometry/model.rs:274:53
[INFO] [stdout]     |
[INFO] [stdout] 274 |     mask &= v.lanes_ge(f32x8::splat(0.0)) & (u + v).lanes_le(f32x8::splat(1.0));
[INFO] [stdout]     |                                                     ^^^^^^^^ help: there is a method with a similar name: `lanes`
[INFO] [stdout] 
[INFO] [stdout] 
[INFO] [stdout] error[E0599]: no method named `lanes_gt` found for struct `Simd` in the current scope
[INFO] [stdout]    --> src/geometry/model.rs:278:15
[INFO] [stdout]     |
[INFO] [stdout] 278 |     mask &= t.lanes_gt(EPS);
[INFO] [stdout]     |               ^^^^^^^^ help: there is a method with a similar name: `lanes`
[INFO] [stdout] 
[INFO] [stdout] 
[INFO] [stdout] error[E0599]: no method named `lanes_gt` found for struct `Simd` in the current scope
[INFO] [stdout]    --> src/geometry/model.rs:278:15
[INFO] [stdout]     |
[INFO] [stdout] 278 |     mask &= t.lanes_gt(EPS);
[INFO] [stdout]     |               ^^^^^^^^ help: there is a method with a similar name: `lanes`
[INFO] [stdout] 
[INFO] [stdout] 
[INFO] [stdout] error[E0599]: no method named `reduce_min` found for struct `Simd` in the current scope
[INFO] [stdout]   --> src/geometry/wec3x8.rs:80:20
[INFO] [stdout]    |
[INFO] [stdout] 80 |             self.x.reduce_min(),
[INFO] [stdout]    |                    ^^^^^^^^^^ method not found in `Simd<f32, 8>`
[INFO] [stdout]   --> /rustc/e6e4f7ed1589e03bc2f6c5931c1a72e7947e8682/library/core/src/../../portable-simd/crates/core_simd/src/elements/float.rs:190:8
[INFO] [stdout]    |
[INFO] [stdout]    = note: the method is available for `Simd<f32, 8>` here
[INFO] [stdout]    |
[INFO] [stdout]    = help: items from traits can only be used if the trait is in scope
[INFO] [stdout] help: the following trait is implemented but not in scope; perhaps add a `use` for it:
[INFO] [stdout]    |
[INFO] [stdout] 1  + use std::simd::SimdFloat;
[INFO] [stdout]    |
[INFO] [stdout] 
[INFO] [stdout] 
[INFO] [stdout] error[E0599]: no method named `reduce_min` found for struct `Simd` in the current scope
[INFO] [stdout]   --> src/geometry/wec3x8.rs:81:20
[INFO] [stdout]    |
[INFO] [stdout] 81 |             self.y.reduce_min(),
[INFO] [stdout]    |                    ^^^^^^^^^^ method not found in `Simd<f32, 8>`
[INFO] [stdout]   --> /rustc/e6e4f7ed1589e03bc2f6c5931c1a72e7947e8682/library/core/src/../../portable-simd/crates/core_simd/src/elements/float.rs:190:8
[INFO] [stdout]    |
[INFO] [stdout]    = note: the method is available for `Simd<f32, 8>` here
[INFO] [stdout]    |
[INFO] [stdout]    = help: items from traits can only be used if the trait is in scope
[INFO] [stdout] help: the following trait is implemented but not in scope; perhaps add a `use` for it:
[INFO] [stdout]    |
[INFO] [stdout] 1  + use std::simd::SimdFloat;
[INFO] [stdout]    |
[INFO] [stdout] 
[INFO] [stdout] 
[INFO] [stdout] error[E0599]: no method named `reduce_min` found for struct `Simd` in the current scope
[INFO] [stdout]   --> src/geometry/wec3x8.rs:82:20
[INFO] [stdout]    |
[INFO] [stdout] 82 |             self.z.reduce_min()
[INFO] [stdout]    |                    ^^^^^^^^^^ method not found in `Simd<f32, 8>`
[INFO] [stdout]   --> /rustc/e6e4f7ed1589e03bc2f6c5931c1a72e7947e8682/library/core/src/../../portable-simd/crates/core_simd/src/elements/float.rs:190:8
[INFO] [stdout]    |
[INFO] [stdout]    = note: the method is available for `Simd<f32, 8>` here
[INFO] [stdout]    |
[INFO] [stdout]    = help: items from traits can only be used if the trait is in scope
[INFO] [stdout] help: the following trait is implemented but not in scope; perhaps add a `use` for it:
[INFO] [stdout]    |
[INFO] [stdout] 1  + use std::simd::SimdFloat;
[INFO] [stdout]    |
[INFO] [stdout] 
[INFO] [stdout] 
[INFO] [stdout] error[E0599]: no method named `reduce_max` found for struct `Simd` in the current scope
[INFO] [stdout]   --> src/geometry/wec3x8.rs:89:20
[INFO] [stdout]    |
[INFO] [stdout] 89 |             self.x.reduce_max(),
[INFO] [stdout]    |                    ^^^^^^^^^^ method not found in `Simd<f32, 8>`
[INFO] [stdout]   --> /rustc/e6e4f7ed1589e03bc2f6c5931c1a72e7947e8682/library/core/src/../../portable-simd/crates/core_simd/src/elements/float.rs:163:8
[INFO] [stdout]    |
[INFO] [stdout]    = note: the method is available for `Simd<f32, 8>` here
[INFO] [stdout]    |
[INFO] [stdout]    = help: items from traits can only be used if the trait is in scope
[INFO] [stdout] help: the following trait is implemented but not in scope; perhaps add a `use` for it:
[INFO] [stdout]    |
[INFO] [stdout] 1  + use std::simd::SimdFloat;
[INFO] [stdout]    |
[INFO] [stdout] 
[INFO] [stdout] 
[INFO] [stdout] error[E0599]: no method named `reduce_min` found for struct `Simd` in the current scope
[INFO] [stdout]   --> src/geometry/wec3x8.rs:80:20
[INFO] [stdout]    |
[INFO] [stdout] 80 |             self.x.reduce_min(),
[INFO] [stdout]    |                    ^^^^^^^^^^ method not found in `Simd<f32, 8>`
[INFO] [stdout]   --> /rustc/e6e4f7ed1589e03bc2f6c5931c1a72e7947e8682/library/core/src/../../portable-simd/crates/core_simd/src/elements/float.rs:190:8
[INFO] [stdout]    |
[INFO] [stdout]    = note: the method is available for `Simd<f32, 8>` here
[INFO] [stdout]    |
[INFO] [stdout]    = help: items from traits can only be used if the trait is in scope
[INFO] [stdout] help: the following trait is implemented but not in scope; perhaps add a `use` for it:
[INFO] [stdout]    |
[INFO] [stdout] 1  + use std::simd::SimdFloat;
[INFO] [stdout]    |
[INFO] [stdout] 
[INFO] [stdout] 
[INFO] [stdout] error[E0599]: no method named `reduce_max` found for struct `Simd` in the current scope
[INFO] [stdout]   --> src/geometry/wec3x8.rs:90:20
[INFO] [stdout]    |
[INFO] [stdout] 90 |             self.y.reduce_max(),
[INFO] [stdout]    |                    ^^^^^^^^^^ method not found in `Simd<f32, 8>`
[INFO] [stdout]   --> /rustc/e6e4f7ed1589e03bc2f6c5931c1a72e7947e8682/library/core/src/../../portable-simd/crates/core_simd/src/elements/float.rs:163:8
[INFO] [stdout]    |
[INFO] [stdout]    = note: the method is available for `Simd<f32, 8>` here
[INFO] [stdout]    |
[INFO] [stdout]    = help: items from traits can only be used if the trait is in scope
[INFO] [stdout] help: the following trait is implemented but not in scope; perhaps add a `use` for it:
[INFO] [stdout]    |
[INFO] [stdout] 1  + use std::simd::SimdFloat;
[INFO] [stdout]    |
[INFO] [stdout] 
[INFO] [stdout] 
[INFO] [stdout] error[E0599]: no method named `reduce_max` found for struct `Simd` in the current scope
[INFO] [stdout]   --> src/geometry/wec3x8.rs:91:20
[INFO] [stdout]    |
[INFO] [stdout] 91 |             self.z.reduce_max()
[INFO] [stdout]    |                    ^^^^^^^^^^ method not found in `Simd<f32, 8>`
[INFO] [stdout]   --> /rustc/e6e4f7ed1589e03bc2f6c5931c1a72e7947e8682/library/core/src/../../portable-simd/crates/core_simd/src/elements/float.rs:163:8
[INFO] [stdout]    |
[INFO] [stdout]    = note: the method is available for `Simd<f32, 8>` here
[INFO] [stdout]    |
[INFO] [stdout]    = help: items from traits can only be used if the trait is in scope
[INFO] [stdout] help: the following trait is implemented but not in scope; perhaps add a `use` for it:
[INFO] [stdout]    |
[INFO] [stdout] 1  + use std::simd::SimdFloat;
[INFO] [stdout]    |
[INFO] [stdout] 
[INFO] [stdout] 
[INFO] [stdout] error[E0599]: no method named `reduce_min` found for struct `Simd` in the current scope
[INFO] [stdout]   --> src/geometry/wec3x8.rs:81:20
[INFO] [stdout]    |
[INFO] [stdout] 81 |             self.y.reduce_min(),
[INFO] [stdout]    |                    ^^^^^^^^^^ method not found in `Simd<f32, 8>`
[INFO] [stdout]   --> /rustc/e6e4f7ed1589e03bc2f6c5931c1a72e7947e8682/library/core/src/../../portable-simd/crates/core_simd/src/elements/float.rs:190:8
[INFO] [stdout]    |
[INFO] [stdout]    = note: the method is available for `Simd<f32, 8>` here
[INFO] [stdout]    |
[INFO] [stdout]    = help: items from traits can only be used if the trait is in scope
[INFO] [stdout] help: the following trait is implemented but not in scope; perhaps add a `use` for it:
[INFO] [stdout]    |
[INFO] [stdout] 1  + use std::simd::SimdFloat;
[INFO] [stdout]    |
[INFO] [stdout] 
[INFO] [stdout] 
[INFO] [stdout] error[E0599]: no method named `reduce_min` found for struct `Simd` in the current scope
[INFO] [stdout]   --> src/geometry/wec3x8.rs:82:20
[INFO] [stdout]    |
[INFO] [stdout] 82 |             self.z.reduce_min()
[INFO] [stdout]    |                    ^^^^^^^^^^ method not found in `Simd<f32, 8>`
[INFO] [stdout]   --> /rustc/e6e4f7ed1589e03bc2f6c5931c1a72e7947e8682/library/core/src/../../portable-simd/crates/core_simd/src/elements/float.rs:190:8
[INFO] [stdout]    |
[INFO] [stdout]    = note: the method is available for `Simd<f32, 8>` here
[INFO] [stdout]    |
[INFO] [stdout]    = help: items from traits can only be used if the trait is in scope
[INFO] [stdout] help: the following trait is implemented but not in scope; perhaps add a `use` for it:
[INFO] [stdout]    |
[INFO] [stdout] 1  + use std::simd::SimdFloat;
[INFO] [stdout]    |
[INFO] [stdout] 
[INFO] [stdout] 
[INFO] [stdout] error[E0599]: no method named `reduce_max` found for struct `Simd` in the current scope
[INFO] [stdout]   --> src/geometry/wec3x8.rs:89:20
[INFO] [stdout]    |
[INFO] [stdout] 89 |             self.x.reduce_max(),
[INFO] [stdout]    |                    ^^^^^^^^^^ method not found in `Simd<f32, 8>`
[INFO] [stdout]   --> /rustc/e6e4f7ed1589e03bc2f6c5931c1a72e7947e8682/library/core/src/../../portable-simd/crates/core_simd/src/elements/float.rs:163:8
[INFO] [stdout]    |
[INFO] [stdout]    = note: the method is available for `Simd<f32, 8>` here
[INFO] [stdout]    |
[INFO] [stdout]    = help: items from traits can only be used if the trait is in scope
[INFO] [stdout] help: the following trait is implemented but not in scope; perhaps add a `use` for it:
[INFO] [stdout]    |
[INFO] [stdout] 1  + use std::simd::SimdFloat;
[INFO] [stdout]    |
[INFO] [stdout] 
[INFO] [stdout] 
[INFO] [stdout] error[E0599]: no method named `reduce_max` found for struct `Simd` in the current scope
[INFO] [stdout]   --> src/geometry/wec3x8.rs:90:20
[INFO] [stdout]    |
[INFO] [stdout] 90 |             self.y.reduce_max(),
[INFO] [stdout]    |                    ^^^^^^^^^^ method not found in `Simd<f32, 8>`
[INFO] [stdout]   --> /rustc/e6e4f7ed1589e03bc2f6c5931c1a72e7947e8682/library/core/src/../../portable-simd/crates/core_simd/src/elements/float.rs:163:8
[INFO] [stdout]    |
[INFO] [stdout]    = note: the method is available for `Simd<f32, 8>` here
[INFO] [stdout]    |
[INFO] [stdout]    = help: items from traits can only be used if the trait is in scope
[INFO] [stdout] help: the following trait is implemented but not in scope; perhaps add a `use` for it:
[INFO] [stdout]    |
[INFO] [stdout] 1  + use std::simd::SimdFloat;
[INFO] [stdout]    |
[INFO] [stdout] 
[INFO] [stdout] 
[INFO] [stdout] error[E0599]: no method named `reduce_max` found for struct `Simd` in the current scope
[INFO] [stdout]   --> src/geometry/wec3x8.rs:91:20
[INFO] [stdout]    |
[INFO] [stdout] 91 |             self.z.reduce_max()
[INFO] [stdout]    |                    ^^^^^^^^^^ method not found in `Simd<f32, 8>`
[INFO] [stdout]   --> /rustc/e6e4f7ed1589e03bc2f6c5931c1a72e7947e8682/library/core/src/../../portable-simd/crates/core_simd/src/elements/float.rs:163:8
[INFO] [stdout]    |
[INFO] [stdout]    = note: the method is available for `Simd<f32, 8>` here
[INFO] [stdout]    |
[INFO] [stdout]    = help: items from traits can only be used if the trait is in scope
[INFO] [stdout] help: the following trait is implemented but not in scope; perhaps add a `use` for it:
[INFO] [stdout]    |
[INFO] [stdout] 1  + use std::simd::SimdFloat;
[INFO] [stdout]    |
[INFO] [stdout] 
[INFO] [stdout] 
[INFO] [stdout] error: aborting due to 15 previous errors; 4 warnings emitted
[INFO] [stdout] 
[INFO] [stdout] 
[INFO] [stdout] For more information about this error, try `rustc --explain E0599`.
[INFO] [stdout] 
[INFO] [stdout] error: aborting due to 15 previous errors; 4 warnings emitted
[INFO] [stdout] 
[INFO] [stdout] 
[INFO] [stdout] For more information about this error, try `rustc --explain E0599`.
[INFO] [stdout] 
[INFO] [stderr] error: could not compile `lastone` (bin "lastone") due to 16 previous errors; 4 warnings emitted
[INFO] [stderr] warning: build failed, waiting for other jobs to finish...
[INFO] [stderr] error: could not compile `lastone` (bin "lastone" test) due to 16 previous errors; 4 warnings emitted
[INFO] running `Command { std: "docker" "inspect" "dc8bf41758be7ddba9c993086b8943be27d9da92deb0c5f6f31874d643d538f0", kill_on_drop: false }`
[INFO] running `Command { std: "docker" "rm" "-f" "dc8bf41758be7ddba9c993086b8943be27d9da92deb0c5f6f31874d643d538f0", kill_on_drop: false }`
[INFO] [stdout] dc8bf41758be7ddba9c993086b8943be27d9da92deb0c5f6f31874d643d538f0
